{"id":1231,"date":"2022-06-21T14:21:48","date_gmt":"2022-06-21T11:21:48","guid":{"rendered":"https:\/\/adanaaku.com.tr\/?page_id=1231"},"modified":"2022-06-21T14:23:18","modified_gmt":"2022-06-21T11:23:18","slug":"redresor-alim-satim-2","status":"publish","type":"page","link":"https:\/\/adanaaku.com.tr\/index.php\/redresor-alim-satim-2\/","title":{"rendered":"Redres\u00f6r Bak\u0131m-Onar\u0131m"},"content":{"rendered":"<p>[vc_row][vc_column width=&#8221;1\/2&#8243;][vc_column_text]Ak\u00fcn\u00fcz\u00fcn performans\u0131 d\u00fc\u015ft\u00fc ve ak\u00fcn\u00fcze bak\u0131m yapt\u0131rd\u0131\u011f\u0131n\u0131z halde performans\u0131 de\u011fi\u015fmedi ise redres\u00f6r\u00fcn\u00fczde s\u0131k\u0131nt\u0131 olabilir. Ar\u0131zal\u0131 bir redres\u00f6r ak\u00fc de s\u00fclfatla\u015fmaya sebep olabilir. Firmam\u0131z profesyonel kadrosu ile redres\u00f6r\u00fcn\u00fcz\u00fcn bak\u0131m ve onar\u0131m\u0131n\u0131 yapmaktad\u0131r.<\/p>\n<p>Ayr\u0131nt\u0131l\u0131 bilgi i\u00e7in l\u00fctfen ileti\u015fime ge\u00e7iniz.[\/vc_column_text][dfd_spacer screen_wide_spacer_size=&#8221;60&#8243; screen_normal_resolution=&#8221;1024&#8243; screen_tablet_resolution=&#8221;800&#8243; screen_mobile_resolution=&#8221;480&#8243;][dfd_single_image image=&#8221;1226&#8243;][\/vc_column][vc_column width=&#8221;1\/2&#8243;][dfd_single_image image=&#8221;1224&#8243;][\/vc_column][\/vc_row]<\/p>\n","protected":false},"excerpt":{"rendered":"<p>[vc_row][vc_column width=&#8221;1\/2&#8243;][vc_column_text]Ak\u00fcn\u00fcz\u00fcn performans\u0131 d\u00fc\u015ft\u00fc ve ak\u00fcn\u00fcze bak\u0131m yapt\u0131rd\u0131\u011f\u0131n\u0131z halde performans\u0131 de\u011fi\u015fmedi ise redres\u00f6r\u00fcn\u00fczde s\u0131k\u0131nt\u0131 olabilir. Ar\u0131zal\u0131 bir redres\u00f6r ak\u00fc de s\u00fclfatla\u015fmaya sebep olabilir. Firmam\u0131z profesyonel kadrosu ile redres\u00f6r\u00fcn\u00fcz\u00fcn bak\u0131m ve<\/p>\n","protected":false},"author":1,"featured_media":0,"parent":0,"menu_order":0,"comment_status":"closed","ping_status":"closed","template":"","meta":[],"_links":{"self":[{"href":"https:\/\/adanaaku.com.tr\/index.php\/wp-json\/wp\/v2\/pages\/1231"}],"collection":[{"href":"https:\/\/adanaaku.com.tr\/index.php\/wp-json\/wp\/v2\/pages"}],"about":[{"href":"https:\/\/adanaaku.com.tr\/index.php\/wp-json\/wp\/v2\/types\/page"}],"author":[{"embeddable":true,"href":"https:\/\/adanaaku.com.tr\/index.php\/wp-json\/wp\/v2\/users\/1"}],"replies":[{"embeddable":true,"href":"https:\/\/adanaaku.com.tr\/index.php\/wp-json\/wp\/v2\/comments?post=1231"}],"version-history":[{"count":2,"href":"https:\/\/adanaaku.com.tr\/index.php\/wp-json\/wp\/v2\/pages\/1231\/revisions"}],"predecessor-version":[{"id":1233,"href":"https:\/\/adanaaku.com.tr\/index.php\/wp-json\/wp\/v2\/pages\/1231\/revisions\/1233"}],"wp:attachment":[{"href":"https:\/\/adanaaku.com.tr\/index.php\/wp-json\/wp\/v2\/media?parent=1231"}],"curies":[{"name":"wp","href":"https:\/\/api.w.org\/{rel}","templated":true}]}}