{"id":811,"date":"2020-10-21T10:29:00","date_gmt":"2020-10-21T07:29:00","guid":{"rendered":"https:\/\/adanaaku.com.tr\/?post_type=product&#038;p=811"},"modified":"2022-05-09T02:20:01","modified_gmt":"2022-05-08T23:20:01","slug":"sifir-aku","status":"publish","type":"product","link":"https:\/\/adanaaku.com.tr\/index.php\/urun\/sifir-aku\/","title":{"rendered":"Ak\u00fc"},"content":{"rendered":"<p>De\u011fi\u015fik g\u00fc\u00e7lerde ve voltajlarda kullan\u0131lmam\u0131\u015f s\u0131f\u0131r ak\u00fcler ile ilgili bilgi almak i\u00e7in l\u00fctfen ileti\u015fime ge\u00e7iniz.<\/p>\n","protected":false},"excerpt":{"rendered":"<p>De\u011fi\u015fik g\u00fc\u00e7lerde ve voltajlarda kullan\u0131lmam\u0131\u015f s\u0131f\u0131r ak\u00fcler ile ilgili bilgi almak i\u00e7in l\u00fctfen ileti\u015fime ge\u00e7iniz.<\/p>\n","protected":false},"featured_media":1138,"comment_status":"open","ping_status":"closed","template":"","meta":[],"product_cat":[21],"product_tag":[],"_links":{"self":[{"href":"https:\/\/adanaaku.com.tr\/index.php\/wp-json\/wp\/v2\/product\/811"}],"collection":[{"href":"https:\/\/adanaaku.com.tr\/index.php\/wp-json\/wp\/v2\/product"}],"about":[{"href":"https:\/\/adanaaku.com.tr\/index.php\/wp-json\/wp\/v2\/types\/product"}],"replies":[{"embeddable":true,"href":"https:\/\/adanaaku.com.tr\/index.php\/wp-json\/wp\/v2\/comments?post=811"}],"wp:featuredmedia":[{"embeddable":true,"href":"https:\/\/adanaaku.com.tr\/index.php\/wp-json\/wp\/v2\/media\/1138"}],"wp:attachment":[{"href":"https:\/\/adanaaku.com.tr\/index.php\/wp-json\/wp\/v2\/media?parent=811"}],"wp:term":[{"taxonomy":"product_cat","embeddable":true,"href":"https:\/\/adanaaku.com.tr\/index.php\/wp-json\/wp\/v2\/product_cat?post=811"},{"taxonomy":"product_tag","embeddable":true,"href":"https:\/\/adanaaku.com.tr\/index.php\/wp-json\/wp\/v2\/product_tag?post=811"}],"curies":[{"name":"wp","href":"https:\/\/api.w.org\/{rel}","templated":true}]}}