{"id":817,"date":"2020-10-21T10:34:46","date_gmt":"2020-10-21T07:34:46","guid":{"rendered":"https:\/\/adanaaku.com.tr\/?post_type=product&#038;p=817"},"modified":"2026-03-22T01:16:00","modified_gmt":"2026-03-21T22:16:00","slug":"ornek-ikinci-el-aku-2","status":"publish","type":"product","link":"https:\/\/adanaaku.com.tr\/index.php\/urun\/ornek-ikinci-el-aku-2\/","title":{"rendered":"\u0130kinci el ak\u00fc"},"content":{"rendered":"<p>Firmam\u0131za ait bak\u0131mlar\u0131 yap\u0131lm\u0131\u015f de\u011fi\u015fik voltajlarda ve g\u00fc\u00e7lerdeki ikinci el ak\u00fcler ile ilgili l\u00fctfen ileti\u015fime ge\u00e7iniz.<\/p>\n","protected":false},"excerpt":{"rendered":"<p>Firmam\u0131za ait bak\u0131mlar\u0131 yap\u0131lm\u0131\u015f de\u011fi\u015fik voltajlarda ve g\u00fc\u00e7lerdeki ikinci el ak\u00fcler ile ilgili l\u00fctfen ileti\u015fime ge\u00e7iniz.<\/p>\n","protected":false},"featured_media":818,"comment_status":"open","ping_status":"closed","template":"","meta":[],"product_cat":[21],"product_tag":[],"_links":{"self":[{"href":"https:\/\/adanaaku.com.tr\/index.php\/wp-json\/wp\/v2\/product\/817"}],"collection":[{"href":"https:\/\/adanaaku.com.tr\/index.php\/wp-json\/wp\/v2\/product"}],"about":[{"href":"https:\/\/adanaaku.com.tr\/index.php\/wp-json\/wp\/v2\/types\/product"}],"replies":[{"embeddable":true,"href":"https:\/\/adanaaku.com.tr\/index.php\/wp-json\/wp\/v2\/comments?post=817"}],"wp:featuredmedia":[{"embeddable":true,"href":"https:\/\/adanaaku.com.tr\/index.php\/wp-json\/wp\/v2\/media\/818"}],"wp:attachment":[{"href":"https:\/\/adanaaku.com.tr\/index.php\/wp-json\/wp\/v2\/media?parent=817"}],"wp:term":[{"taxonomy":"product_cat","embeddable":true,"href":"https:\/\/adanaaku.com.tr\/index.php\/wp-json\/wp\/v2\/product_cat?post=817"},{"taxonomy":"product_tag","embeddable":true,"href":"https:\/\/adanaaku.com.tr\/index.php\/wp-json\/wp\/v2\/product_tag?post=817"}],"curies":[{"name":"wp","href":"https:\/\/api.w.org\/{rel}","templated":true}]}}